{"id":2,"date":"2022-01-11T16:10:28","date_gmt":"2022-01-11T16:10:28","guid":{"rendered":"https:\/\/www.turbolaser.cz\/?page_id=2"},"modified":"2022-05-04T09:04:24","modified_gmt":"2022-05-04T07:04:24","slug":"sample-page","status":"publish","type":"page","link":"https:\/\/www.dukompower.cz\/","title":{"rendered":"CNC  laserov\u00e9 \u0159ez\u00e1n\u00ed a oh\u00fdb\u00e1n\u00ed plechu"},"content":{"rendered":"\n<p>Nab\u00edz\u00edme CNC \u0159ez\u00e1n\u00ed laserem na stroji <strong>TRUMPF Trumatic L3030<\/strong> a oh\u00fdb\u00e1n\u00ed plech\u016f na CNC ohra\u0148ovac\u00edm lisu <strong>TRUMPF TrumaBend V130<\/strong>.<\/p>\n\n\n\n<p>Laserov\u00e9 \u0159ez\u00e1n\u00ed, zn\u00e1m\u00e9 tak\u00e9 pod pojmem laserov\u00e9 p\u00e1len\u00ed nebo vypalov\u00e1n\u00ed na CNC laseru, je precizn\u00ed, spolehliv\u00e9, efektivn\u00ed a ekonomick\u00e9 \u0159e\u0161en\u00ed. <br>\u0158ezn\u00e9 hrany kovov\u00fdch v\u00fdpalk\u016f jsou hladk\u00e9 a materi\u00e1l nen\u00ed pot\u0159eba d\u00e1le opracov\u00e1vat.<br>Slo\u017eit\u00e9 tvarov\u00e9 d\u00edlce v t\u00e9 nejvy\u0161\u0161\u00ed kvalit\u011b s toleranc\u00ed +-0,1mm. \u0158ezn\u00e1 mezera laserov\u00e9ho p\u00e1len\u00ed je minim\u00e1ln\u00ed, proto dok\u00e1\u017eeme hladce \u0159ezat i slo\u017eit\u00e9 <br>geometrick\u00e9 tvary.<br><br>Oh\u00fdb\u00e1n\u00edm na CNC ohra\u0148ovac\u00edm lisu dok\u00e1\u017eeme vytvo\u0159it z jednoho kusu plechu prostorov\u00fd objekt bez nutnosti sva\u0159ov\u00e1n\u00ed.<\/p>\n\n\n\n<p><\/p>\n\n\n\n<blockquote class=\"wp-block-quote\"><p><\/p><\/blockquote>\n\n\n\n<div class=\"wp-block-image\"><figure class=\"aligncenter size-large\"><img src=\"http:\/\/www.mathiasmachines.com\/gfx\/maszyny_u\/trumpf_trumatic_l3030.gif\" alt=\"\"\/><\/figure><\/div>\n\n\n\n<p><\/p>\n","protected":false},"excerpt":{"rendered":"<p>Nab\u00edz\u00edme CNC \u0159ez\u00e1n\u00ed laserem na stroji TRUMPF Trumatic L3030 a oh\u00fdb\u00e1n\u00ed plech\u016f na CNC ohra\u0148ovac\u00edm lisu TRUMPF TrumaBend V130. Laserov\u00e9 \u0159ez\u00e1n\u00ed, zn\u00e1m\u00e9 tak\u00e9 pod pojmem &hellip;<\/p>\n","protected":false},"author":1,"featured_media":0,"parent":0,"menu_order":0,"comment_status":"closed","ping_status":"open","template":"","meta":[],"_links":{"self":[{"href":"https:\/\/www.dukompower.cz\/index.php?rest_route=\/wp\/v2\/pages\/2"}],"collection":[{"href":"https:\/\/www.dukompower.cz\/index.php?rest_route=\/wp\/v2\/pages"}],"about":[{"href":"https:\/\/www.dukompower.cz\/index.php?rest_route=\/wp\/v2\/types\/page"}],"author":[{"embeddable":true,"href":"https:\/\/www.dukompower.cz\/index.php?rest_route=\/wp\/v2\/users\/1"}],"replies":[{"embeddable":true,"href":"https:\/\/www.dukompower.cz\/index.php?rest_route=%2Fwp%2Fv2%2Fcomments&post=2"}],"version-history":[{"count":8,"href":"https:\/\/www.dukompower.cz\/index.php?rest_route=\/wp\/v2\/pages\/2\/revisions"}],"predecessor-version":[{"id":148,"href":"https:\/\/www.dukompower.cz\/index.php?rest_route=\/wp\/v2\/pages\/2\/revisions\/148"}],"wp:attachment":[{"href":"https:\/\/www.dukompower.cz\/index.php?rest_route=%2Fwp%2Fv2%2Fmedia&parent=2"}],"curies":[{"name":"wp","href":"https:\/\/api.w.org\/{rel}","templated":true}]}}